{"id":43,"date":"2023-04-10T09:33:24","date_gmt":"2023-04-10T09:33:24","guid":{"rendered":"http:\/\/source.wpopal.com\/choper\/?page_id=43"},"modified":"2025-03-01T20:41:25","modified_gmt":"2025-03-01T20:41:25","slug":"iletisim","status":"publish","type":"page","link":"https:\/\/seymenogluetkofte.com\/index.php\/iletisim\/","title":{"rendered":"\u0130leti\u015fim"},"content":{"rendered":"\t\t<div data-elementor-type=\"wp-page\" data-elementor-id=\"43\" class=\"elementor elementor-43\">\n\t\t\t\t<div class=\"elementor-element elementor-element-5667b07 e-flex e-con-boxed e-con e-parent\" data-id=\"5667b07\" data-element_type=\"container\">\n\t\t\t\t\t<div class=\"e-con-inner\">\n\t\t<div class=\"elementor-element elementor-element-e8906e8 e-con-full e-flex e-con e-child\" data-id=\"e8906e8\" data-element_type=\"container\" data-settings=\"{&quot;background_background&quot;:&quot;classic&quot;}\">\n\t\t\t\t<div class=\"elementor-element elementor-element-482c9f2 elementor-widget elementor-widget-spacer\" data-id=\"482c9f2\" data-element_type=\"widget\" data-widget_type=\"spacer.default\">\n\t\t\t\t<div class=\"elementor-widget-container\">\n\t\t\t\t\t\t\t<div class=\"elementor-spacer\">\n\t\t\t<div class=\"elementor-spacer-inner\"><\/div>\n\t\t<\/div>\n\t\t\t\t\t\t<\/div>\n\t\t\t\t<\/div>\n\t\t\t\t<div class=\"elementor-element elementor-element-dbad757 elementor-widget__width-auto elementor-absolute elementor-hidden-tablet elementor-hidden-mobile_extra elementor-hidden-mobile elementor-widget elementor-widget-image\" data-id=\"dbad757\" data-element_type=\"widget\" data-settings=\"{&quot;_position&quot;:&quot;absolute&quot;}\" data-widget_type=\"image.default\">\n\t\t\t\t<div class=\"elementor-widget-container\">\n\t\t\t\t\t\t\t\t\t\t\t\t\t\t\t<img fetchpriority=\"high\" decoding=\"async\" width=\"415\" height=\"350\" src=\"https:\/\/seymenogluetkofte.com\/wp-content\/uploads\/2023\/04\/contact-png-1.png\" class=\"attachment-full size-full wp-image-976\" alt=\"\" srcset=\"https:\/\/seymenogluetkofte.com\/wp-content\/uploads\/2023\/04\/contact-png-1.png 415w, https:\/\/seymenogluetkofte.com\/wp-content\/uploads\/2023\/04\/contact-png-1-300x253.png 300w\" sizes=\"(max-width: 415px) 100vw, 415px\" \/>\t\t\t\t\t\t\t\t\t\t\t\t\t\t\t<\/div>\n\t\t\t\t<\/div>\n\t\t\t\t<\/div>\n\t\t<div class=\"elementor-element elementor-element-598247c e-con-full e-flex e-con e-child\" data-id=\"598247c\" data-element_type=\"container\" data-settings=\"{&quot;background_background&quot;:&quot;classic&quot;}\">\n\t\t\t\t<div class=\"elementor-element elementor-element-1ec5e98 elementor-widget elementor-widget-text-editor\" data-id=\"1ec5e98\" data-element_type=\"widget\" data-widget_type=\"text-editor.default\">\n\t\t\t\t<div class=\"elementor-widget-container\">\n\t\t\t\t\t\t\t\t\t<p>0530 488 02 53 ve<\/p><h2 class=\"html-h2 xdj266r x11i5rnm xat24cr x1mh8g0r xexx8yu x4uap5 x18d9i69 xkhd6sd x1vvkbs x1heor9g x1qlqyl8 x1pd3egz x1a2a7pz\">05459599353\u00a0<\/h2><p>Numaralardan bizlere ula\u015fabilirsiniz..<\/p>\t\t\t\t\t\t\t\t<\/div>\n\t\t\t\t<\/div>\n\t\t\t\t<\/div>\n\t\t\t\t\t<\/div>\n\t\t\t\t<\/div>\n\t\t\t\t<\/div>\n\t\t","protected":false},"excerpt":{"rendered":"<p>7\/24 Bize Ula\u015f\u0131n 0530 488 02 53 ve 05459599353 Numaralardan bizlere ula\u015fabilirsiniz..<\/p>\n","protected":false},"author":1,"featured_media":0,"parent":0,"menu_order":0,"comment_status":"closed","ping_status":"closed","template":"","meta":{"inline_featured_image":false,"footnotes":""},"class_list":["post-43","page","type-page","status-publish","hentry"],"yoast_head":"<!-- This site is optimized with the Yoast SEO plugin v24.6 - https:\/\/yoast.com\/wordpress\/plugins\/seo\/ -->\n<title>\u0130leti\u015fim - Seymeno\u011flu Et&amp;K\u00f6fte<\/title>\n<meta name=\"description\" content=\"Karadeniz yaylar\u0131nda yeti\u015fen b\u00fcy\u00fck ve k\u00fc\u00e7\u00fck ba\u015f hayvanlardan elde edilen; sa\u011fl\u0131kl\u0131 ve e\u015fsiz lezzeti ile et ve k\u00f6fte \u00e7e\u015fitlerinin yegane adresi: Seymeno\u011flu Et&amp;K\u00f6fte Salonu \u0130leti\u015fim: +90 545 959 93 53\" \/>\n<meta name=\"robots\" content=\"index, follow, max-snippet:-1, max-image-preview:large, max-video-preview:-1\" \/>\n<link rel=\"canonical\" href=\"https:\/\/seymenogluetkofte.com\/index.php\/iletisim\/\" \/>\n<meta property=\"og:locale\" content=\"tr_TR\" \/>\n<meta property=\"og:type\" content=\"article\" \/>\n<meta property=\"og:title\" content=\"\u0130leti\u015fim - Seymeno\u011flu Et&amp;K\u00f6fte\" \/>\n<meta property=\"og:description\" content=\"Karadeniz yaylar\u0131nda yeti\u015fen b\u00fcy\u00fck ve k\u00fc\u00e7\u00fck ba\u015f hayvanlardan elde edilen; sa\u011fl\u0131kl\u0131 ve e\u015fsiz lezzeti ile et ve k\u00f6fte \u00e7e\u015fitlerinin yegane adresi: Seymeno\u011flu Et&amp;K\u00f6fte Salonu \u0130leti\u015fim: +90 545 959 93 53\" \/>\n<meta property=\"og:url\" content=\"https:\/\/seymenogluetkofte.com\/index.php\/iletisim\/\" \/>\n<meta property=\"og:site_name\" content=\"Seymeno\u011flu Et&amp;K\u00f6fte\" \/>\n<meta property=\"article:modified_time\" content=\"2025-03-01T20:41:25+00:00\" \/>\n<meta property=\"og:image\" content=\"https:\/\/seymenogluetkofte.com\/wp-content\/uploads\/2023\/04\/contact-png-1.png\" \/>\n<meta name=\"twitter:card\" content=\"summary_large_image\" \/>\n<meta name=\"twitter:label1\" content=\"Tahmini okuma s\u00fcresi\" \/>\n\t<meta name=\"twitter:data1\" content=\"1 dakika\" \/>\n<script type=\"application\/ld+json\" class=\"yoast-schema-graph\">{\"@context\":\"https:\/\/schema.org\",\"@graph\":[{\"@type\":\"WebPage\",\"@id\":\"https:\/\/seymenogluetkofte.com\/index.php\/iletisim\/\",\"url\":\"https:\/\/seymenogluetkofte.com\/index.php\/iletisim\/\",\"name\":\"\u0130leti\u015fim - Seymeno\u011flu Et&amp;K\u00f6fte\",\"isPartOf\":{\"@id\":\"https:\/\/seymenogluetkofte.com\/#website\"},\"primaryImageOfPage\":{\"@id\":\"https:\/\/seymenogluetkofte.com\/index.php\/iletisim\/#primaryimage\"},\"image\":{\"@id\":\"https:\/\/seymenogluetkofte.com\/index.php\/iletisim\/#primaryimage\"},\"thumbnailUrl\":\"https:\/\/seymenogluetkofte.com\/wp-content\/uploads\/2023\/04\/contact-png-1.png\",\"datePublished\":\"2023-04-10T09:33:24+00:00\",\"dateModified\":\"2025-03-01T20:41:25+00:00\",\"description\":\"Karadeniz yaylar\u0131nda yeti\u015fen b\u00fcy\u00fck ve k\u00fc\u00e7\u00fck ba\u015f hayvanlardan elde edilen; sa\u011fl\u0131kl\u0131 ve e\u015fsiz lezzeti ile et ve k\u00f6fte \u00e7e\u015fitlerinin yegane adresi: Seymeno\u011flu Et&K\u00f6fte Salonu \u0130leti\u015fim: +90 545 959 93 53\",\"breadcrumb\":{\"@id\":\"https:\/\/seymenogluetkofte.com\/index.php\/iletisim\/#breadcrumb\"},\"inLanguage\":\"tr\",\"potentialAction\":[{\"@type\":\"ReadAction\",\"target\":[\"https:\/\/seymenogluetkofte.com\/index.php\/iletisim\/\"]}]},{\"@type\":\"ImageObject\",\"inLanguage\":\"tr\",\"@id\":\"https:\/\/seymenogluetkofte.com\/index.php\/iletisim\/#primaryimage\",\"url\":\"https:\/\/seymenogluetkofte.com\/wp-content\/uploads\/2023\/04\/contact-png-1.png\",\"contentUrl\":\"https:\/\/seymenogluetkofte.com\/wp-content\/uploads\/2023\/04\/contact-png-1.png\",\"width\":415,\"height\":350},{\"@type\":\"BreadcrumbList\",\"@id\":\"https:\/\/seymenogluetkofte.com\/index.php\/iletisim\/#breadcrumb\",\"itemListElement\":[{\"@type\":\"ListItem\",\"position\":1,\"name\":\"Anasayfa\",\"item\":\"https:\/\/seymenogluetkofte.com\/\"},{\"@type\":\"ListItem\",\"position\":2,\"name\":\"\u0130leti\u015fim\"}]},{\"@type\":\"WebSite\",\"@id\":\"https:\/\/seymenogluetkofte.com\/#website\",\"url\":\"https:\/\/seymenogluetkofte.com\/\",\"name\":\"Seymeno\u011flu Et&amp;K\u00f6fte\",\"description\":\"\",\"publisher\":{\"@id\":\"https:\/\/seymenogluetkofte.com\/#organization\"},\"potentialAction\":[{\"@type\":\"SearchAction\",\"target\":{\"@type\":\"EntryPoint\",\"urlTemplate\":\"https:\/\/seymenogluetkofte.com\/?s={search_term_string}\"},\"query-input\":{\"@type\":\"PropertyValueSpecification\",\"valueRequired\":true,\"valueName\":\"search_term_string\"}}],\"inLanguage\":\"tr\"},{\"@type\":\"Organization\",\"@id\":\"https:\/\/seymenogluetkofte.com\/#organization\",\"name\":\"Seymeno\u011flu Et&amp;K\u00f6fte\",\"url\":\"https:\/\/seymenogluetkofte.com\/\",\"logo\":{\"@type\":\"ImageObject\",\"inLanguage\":\"tr\",\"@id\":\"https:\/\/seymenogluetkofte.com\/#\/schema\/logo\/image\/\",\"url\":\"https:\/\/seymenogluetkofte.com\/wp-content\/uploads\/2023\/04\/logo1.svg\",\"contentUrl\":\"https:\/\/seymenogluetkofte.com\/wp-content\/uploads\/2023\/04\/logo1.svg\",\"width\":116,\"height\":94,\"caption\":\"Seymeno\u011flu Et&amp;K\u00f6fte\"},\"image\":{\"@id\":\"https:\/\/seymenogluetkofte.com\/#\/schema\/logo\/image\/\"}}]}<\/script>\n<!-- \/ Yoast SEO plugin. -->","yoast_head_json":{"title":"\u0130leti\u015fim - Seymeno\u011flu Et&amp;K\u00f6fte","description":"Karadeniz yaylar\u0131nda yeti\u015fen b\u00fcy\u00fck ve k\u00fc\u00e7\u00fck ba\u015f hayvanlardan elde edilen; sa\u011fl\u0131kl\u0131 ve e\u015fsiz lezzeti ile et ve k\u00f6fte \u00e7e\u015fitlerinin yegane adresi: Seymeno\u011flu Et&K\u00f6fte Salonu \u0130leti\u015fim: +90 545 959 93 53","robots":{"index":"index","follow":"follow","max-snippet":"max-snippet:-1","max-image-preview":"max-image-preview:large","max-video-preview":"max-video-preview:-1"},"canonical":"https:\/\/seymenogluetkofte.com\/index.php\/iletisim\/","og_locale":"tr_TR","og_type":"article","og_title":"\u0130leti\u015fim - Seymeno\u011flu Et&amp;K\u00f6fte","og_description":"Karadeniz yaylar\u0131nda yeti\u015fen b\u00fcy\u00fck ve k\u00fc\u00e7\u00fck ba\u015f hayvanlardan elde edilen; sa\u011fl\u0131kl\u0131 ve e\u015fsiz lezzeti ile et ve k\u00f6fte \u00e7e\u015fitlerinin yegane adresi: Seymeno\u011flu Et&K\u00f6fte Salonu \u0130leti\u015fim: +90 545 959 93 53","og_url":"https:\/\/seymenogluetkofte.com\/index.php\/iletisim\/","og_site_name":"Seymeno\u011flu Et&amp;K\u00f6fte","article_modified_time":"2025-03-01T20:41:25+00:00","og_image":[{"url":"https:\/\/seymenogluetkofte.com\/wp-content\/uploads\/2023\/04\/contact-png-1.png","type":"","width":"","height":""}],"twitter_card":"summary_large_image","twitter_misc":{"Tahmini okuma s\u00fcresi":"1 dakika"},"schema":{"@context":"https:\/\/schema.org","@graph":[{"@type":"WebPage","@id":"https:\/\/seymenogluetkofte.com\/index.php\/iletisim\/","url":"https:\/\/seymenogluetkofte.com\/index.php\/iletisim\/","name":"\u0130leti\u015fim - Seymeno\u011flu Et&amp;K\u00f6fte","isPartOf":{"@id":"https:\/\/seymenogluetkofte.com\/#website"},"primaryImageOfPage":{"@id":"https:\/\/seymenogluetkofte.com\/index.php\/iletisim\/#primaryimage"},"image":{"@id":"https:\/\/seymenogluetkofte.com\/index.php\/iletisim\/#primaryimage"},"thumbnailUrl":"https:\/\/seymenogluetkofte.com\/wp-content\/uploads\/2023\/04\/contact-png-1.png","datePublished":"2023-04-10T09:33:24+00:00","dateModified":"2025-03-01T20:41:25+00:00","description":"Karadeniz yaylar\u0131nda yeti\u015fen b\u00fcy\u00fck ve k\u00fc\u00e7\u00fck ba\u015f hayvanlardan elde edilen; sa\u011fl\u0131kl\u0131 ve e\u015fsiz lezzeti ile et ve k\u00f6fte \u00e7e\u015fitlerinin yegane adresi: Seymeno\u011flu Et&K\u00f6fte Salonu \u0130leti\u015fim: +90 545 959 93 53","breadcrumb":{"@id":"https:\/\/seymenogluetkofte.com\/index.php\/iletisim\/#breadcrumb"},"inLanguage":"tr","potentialAction":[{"@type":"ReadAction","target":["https:\/\/seymenogluetkofte.com\/index.php\/iletisim\/"]}]},{"@type":"ImageObject","inLanguage":"tr","@id":"https:\/\/seymenogluetkofte.com\/index.php\/iletisim\/#primaryimage","url":"https:\/\/seymenogluetkofte.com\/wp-content\/uploads\/2023\/04\/contact-png-1.png","contentUrl":"https:\/\/seymenogluetkofte.com\/wp-content\/uploads\/2023\/04\/contact-png-1.png","width":415,"height":350},{"@type":"BreadcrumbList","@id":"https:\/\/seymenogluetkofte.com\/index.php\/iletisim\/#breadcrumb","itemListElement":[{"@type":"ListItem","position":1,"name":"Anasayfa","item":"https:\/\/seymenogluetkofte.com\/"},{"@type":"ListItem","position":2,"name":"\u0130leti\u015fim"}]},{"@type":"WebSite","@id":"https:\/\/seymenogluetkofte.com\/#website","url":"https:\/\/seymenogluetkofte.com\/","name":"Seymeno\u011flu Et&amp;K\u00f6fte","description":"","publisher":{"@id":"https:\/\/seymenogluetkofte.com\/#organization"},"potentialAction":[{"@type":"SearchAction","target":{"@type":"EntryPoint","urlTemplate":"https:\/\/seymenogluetkofte.com\/?s={search_term_string}"},"query-input":{"@type":"PropertyValueSpecification","valueRequired":true,"valueName":"search_term_string"}}],"inLanguage":"tr"},{"@type":"Organization","@id":"https:\/\/seymenogluetkofte.com\/#organization","name":"Seymeno\u011flu Et&amp;K\u00f6fte","url":"https:\/\/seymenogluetkofte.com\/","logo":{"@type":"ImageObject","inLanguage":"tr","@id":"https:\/\/seymenogluetkofte.com\/#\/schema\/logo\/image\/","url":"https:\/\/seymenogluetkofte.com\/wp-content\/uploads\/2023\/04\/logo1.svg","contentUrl":"https:\/\/seymenogluetkofte.com\/wp-content\/uploads\/2023\/04\/logo1.svg","width":116,"height":94,"caption":"Seymeno\u011flu Et&amp;K\u00f6fte"},"image":{"@id":"https:\/\/seymenogluetkofte.com\/#\/schema\/logo\/image\/"}}]}},"_links":{"self":[{"href":"https:\/\/seymenogluetkofte.com\/index.php\/wp-json\/wp\/v2\/pages\/43","targetHints":{"allow":["GET"]}}],"collection":[{"href":"https:\/\/seymenogluetkofte.com\/index.php\/wp-json\/wp\/v2\/pages"}],"about":[{"href":"https:\/\/seymenogluetkofte.com\/index.php\/wp-json\/wp\/v2\/types\/page"}],"author":[{"embeddable":true,"href":"https:\/\/seymenogluetkofte.com\/index.php\/wp-json\/wp\/v2\/users\/1"}],"replies":[{"embeddable":true,"href":"https:\/\/seymenogluetkofte.com\/index.php\/wp-json\/wp\/v2\/comments?post=43"}],"version-history":[{"count":4,"href":"https:\/\/seymenogluetkofte.com\/index.php\/wp-json\/wp\/v2\/pages\/43\/revisions"}],"predecessor-version":[{"id":6517,"href":"https:\/\/seymenogluetkofte.com\/index.php\/wp-json\/wp\/v2\/pages\/43\/revisions\/6517"}],"wp:attachment":[{"href":"https:\/\/seymenogluetkofte.com\/index.php\/wp-json\/wp\/v2\/media?parent=43"}],"curies":[{"name":"wp","href":"https:\/\/api.w.org\/{rel}","templated":true}]}}